 44*w + 137. Let v(q) = -5*a(q) + 2*t(q). Let b be v(-16). Determine o(b).
-9
Suppose -5*g + 33 = -2. Let l(m) = 3*m**2 - 12*m + 23. Let c(i) = 10*i**2 - 38*i + 75. Let x(k) = -2*c(k) + 7*l(k). Calculate x(g).
4
Let i(w) = -2 + 0 - 3*w + 0 - w**2. Let u be (-3*1)/(567/945). Give i(u).
-12
Let g(p) = 2*p**2 - 6*p + 7. Let d(k) = -k**2 + 3*k - 4. Let n(j) = 5*d(j) + 2*g(j). Let i(t) = t**2 + 17*t + 35. Let u be i(-15). Calculate n(u).
-16
Let g(i) = -i**3 + i**2 + 19*i + 4. Let x(o) = -o**2 + 49*o - 331. Let p be x(8). Give g(p).
-17
Suppose -2*o + 7*o = x + 15, 2*x - 10 = 0. Suppose 8*n = -o*n. Let m(k) = -k**2 - 2*k + 12. What is m(n)?
12
Let l(m) = -9*m**2 - 19*m - 79. Let k(z) = -5*z**2 - 11*z - 45. Let g(o) = -16*k(o) + 9*l(o). Calculate g(10).
-41
Let o(j) be the second derivative of j**3/6 - 4*j**2 - 47280*j. Suppose -m + 6*m - 3*h = -45, 0 = -2*m + 5*h - 18. Let v = m + 14. Give o(v).
-3
Let h be (-5 - -2) + (-1 - (-22)/2). Let p be h*((-1)/6)/((-2)/12). Let c(t) = -8*t + 7 - p*t + 21*t - 7*t. Determine c(5).
2
Let u(p) be the first derivative of 11 + p**2 - 2*p**2 + 4*p**2 - 2*p**2 - 3*p. Let k = 6 - 2. Calculate u(k).
5
Let q = 4 - 1. Let l(k) = 9*k**3 - 12*k**2 + 3*k + 12. Let j(z) = 34*z**3 - 46*z**2 + 12*z + 46. Let c(f) = -4*j(f) + 15*l(f). What is c(q)?
-4
Let s(y) be the first derivative of 3*y**2/2 - 4*y - 1080. Determine s(-12).
-40
Let p(m) = -3*m + 13. Let g(x) = -2*x + 7. Let n(b) = -5*g(b) + 3*p(b). Suppose -3*z - 7 = -4, 2*q = -4*z - 14. Determine n(q).
-1
Let d(o) = -o**2 + 5*o + 2. Let r(v) = 6*v + 15. Let q be r(0). Suppose -q - 41 = 7*p. Let c(j) = -j**3 - 7*j**2 + 8*j + 4. Let u be c(p). What is d(u)?
6
Let c(v) be the third derivative of -v**4/24 - 5*v**3/3 - 20*v**2 - 25*v. Calculate c(-2).
-8
Let r(l) = -1. Let y = 9 - 9. Suppose -36*v + 33*v - 3 = y. Let w(m) = 3*m + 2. Let s(k) = v*w(k) - 3*r(k). Determine s(2).
-5
Let o be 6 - (4/(-6))/((-5)/30). Let q(s) = 5*s + 10*s + 9*s**3 + 14 - 12*s**3 - 13*s**2 + o*s**3. Calculate q(-14).
0
Let y(n) = -5*n - 2. Let t(s) = 209*s - 427*s + 204*s - 3. Let k(m) = -3*t(m) + 8*y(m). What is k(-8)?
-23
Suppose -67 = -3*q + 5*z, -3*q - 20*z = -21*z - 47. Let o(v) = -8*v + 119. Determine o(q).
7
Let n(h) = h**2 - 39 + 5 - 195*h + 200*h. Let j be n(-9). Let o(b) = -2*b**3 + b**2 + 4*b - 3. Determine o(j).
-7
Let q(z) = -6 - 1073*z**2 + 109*z + 4*z**3 + 1064*z**2 - 6*z**3 - 103*z. Calculate q(-5).
-11
Let r(v) be the third derivative of -v**4/24 - 8*v**3/3 + 763*v**2. Determine r(-11).
-5
Let r(f) = -4*f**3 + 3*f - 2. Suppose -4*g + 3*p + 22 = 0, -5*g - p = -2*g + 3. What is r(g)?
-3
Let c = -60 + 66. Let h be ((-80)/(-15) - 5) + 28/c. Let t be (3/9)/(1/(-9)) + h. Let k(j) = -j + 4. Give k(t).
2
Let j be -7 - (1/(-5) - (-531)/(-45)). Let q(m) = -19*m + 65. Determine q(j).
-30
Let o = -9 - -1. Let i be (-298)/o - ((-42)/(-8))/(-7). Let n = 42 - i. Let c(s) = -s**3 + 4*s**2 - 1. Calculate c(n).
-1
Let f(r) = 2*r - 33. Let q(h) = -h**3 - 3*h - 15. Let o be q(-3). Let v be f(o). Suppose 0 = -v*w - 0*w + 36. Let i(z) = 2*z - 1. Determine i(w).
7
Let v(a) be the second derivative of -a**4/4 - 8*a**3/3 + 3*a**2 - 20*a. Let t be v(-6). Let l(d) = d**3 + 6*d**2 - d + 7. Determine l(t).
13
Let t(h) = h**3 - 9*h**2 + 2*h - 23. Suppose -62*d = 77*d - 1251. Calculate t(d).
-5
Let l(o) = 3*o - 36. Let s be l(21). Let p(q) = -2*q - 5*q**2 - q**3 - q + 46 - s - 18. Suppose 4*h = -h - 20. Determine p(h).
-3
Let o(d) = -4*d - 76. Let z be o(-20). Suppose -23 = -z*m + 1. Suppose -2*q + 2*s = -q - m, -12 = -2*q + 3*s. Let h(i) = i**3 - 7*i**2 + 6*i + 4. What is h(q)?
4
Let l(b) = b**2 + 4*b + 3. Suppose -14 = 5*z - 89. Let w be ((16/6)/(-1))/(10/z). Determine l(w).
3
Let t be (-7)/14 - 7/2. Let y(o) be the third derivative of 1/24*o**4 - 2*o**2 - 56*o - 1/2*o**3 + 0. Calculate y(t).
-7
Suppose -3*g = m + 31, -2*g + 8*m = 6*m + 2. Let h(i) = i**2 + 8*i - 24. What is h(g)?
-24
Let z(y) = y**3 + 5*y**2 - 2*y**3 + 2*y**2 - y**2 + y - 4. Let u = -129 + 77. Let c = -46 - u. Give z(c).
2
Suppose 3*b - 5*m = 4, -5*m = -b - 6*m + 12. Let j(g) = 2*g**2 + g - 1. Let h be j(2). Let z(t) = 0*t**2 + h*t + 0*t**2 + t**2 - 2*t**2 - 10. What is z(b)?
-2
Let l(x) = 6*x. Let j(r) = -4*r - 8. Let b be j(13). Let f = b - -64. Suppose -11 = -5*m - o - 5, 2*m - f*o + 2 = 0. Give l(m).
6
Let z(g) = -25 + 16 - 9 - 42 + 3*g - 5. Determine z(22).
1
Let u(y) = -3*y**3 - 18*y**2 + 10*y - 6. Let p(k) = 31*k**3 + 182*k**2 - 99*k + 56. Let g(h) = -2*p(h) - 21*u(h). Determine g(-15).
-31
Let q(u) be the first derivative of -u**4/4 - 8*u**3/3 - 7*u**2/2 - 5*u + 2891. Calculate q(-7).
-5
Let d(l) be the first derivative of -l**4/4 - 22*l**3/3 - 21*l**2/2 + 10*l - 254. Calculate d(-21).
10
Let c(n) = -8*n + 14. Let h(i) = -6*i + 20. Let d(g) = -4*c(g) + 5*h(g). What is d(0)?
44
Let a(d) = -d**2 - 9*d - 6. Suppose -2*x + 10*x + 48 = 0. Let t be -3 + x - ((4 - 2) + -5). What is a(t)?
12
Let x(i) = -2*i + 20. Let o be x(8). Let g(n) = -5*n - 4. Let w be 244/(-28) + (-6)/21. Let k(f) = 21*f + 17. Let c(j) = w*g(j) - 2*k(j). What is c(o)?
14
Let g = -3 + 11. Let p(y) = -21*y - 12. Let t(m) = -25*m - 11. Let j(d) = 7*p(d) - 6*t(d). Give j(g).
6
Let b(h) = -1227*h - 4869. Let c be b(-4). Let o(i) = -i**3 + 40*i**2 - 43*i + 133. Determine o(c).
-23
Suppose 4*j - 28 = 4*f, 0 = -j + 2*f - 1 + 5. Let q(o) = -19*o + 184. Let b be q(j). Let l(c) = -2*c**2 - 10*c - 6. Give l(b).
-18
Let i(k) = -k**3 + 7*k**2 + 22*k - 106. Let g be i(8). Let t(z) = -3*z**3 + 17*z**2 + 8*z - 11. Determine t(g).
1
Suppose 2*w - 331 = -5*m, -3*w - 8*m + 477 = -7*m. Let y = 166 - w. Let s(h) = -h + 6. Determine s(y).
-2
Let q(p) be the second derivative of 23*p**3/6 - 37*p**2 - 19*p + 52. Calculate q(3).
-5
Suppose -x - w - 3 = -4, -4*x - 5*w - 1 = 0. Suppose a - x*a = -305. Let l = a + -65. Let b(f) = f**3 + 5*f**2 + 4*f - 4. What is b(l)?
-4
Let x(s) be the second derivative of -s**5/20 + 7*s**4/4 + 47*s**3/6 - 9*s**2 + 79*s + 5. Give x(23).
5
Let i = -10059 + 10063. Let b(f) be the first derivative of 1/2*f**2 + 1/4*f**i + f**3 - 11 - f. What is b(-2)?
1
Let k(i) = -i - 6. Let b(p) = -5*p - 38. Let j(r) = -b(r) + 6*k(r). Suppose -8 + 2 = -l. Suppose l = -5*g + 36. What is j(g)?
-4
Let c(u) = -14*u - 33 + 209 - 180. Determine c(6).
-88
Let y(g) = g - 9. Let o(p) = 1 - 3*p**2 + p**3 - 8*p**2 + 5*p**2 + 7*p + 7*p**2. Let l be o(-5). Let q = l + 144. Determine y(q).
1
Let v(x) = -2*x**2 + 21*x - 14. Let z(s) = 57*s + 180. Let u be z(-3). Calculate v(u).
13
Let x = 10 + 634. Let y(m) = m - x - 3*m + m**2 + 647. What is y(2)?
3
Let n(r) be the first derivative of -r**6/120 + 2*r**5/15 - 7*r**4/24 + r**3/3 - 71*r**2 - 103. Let w(h) be the second derivative of n(h). What is w(7)?
2
Let m = 1596 + -1598. Let t(h) = -39*h + 1. What is t(m)?
79
Suppose 20*t + 167 = 207. Let s(i) be the first derivative of 0*i**3 - 7*i - 11 + 0*i**t + 1/4*i**4. Give s(0).
-7
Let j(l) be the third derivative of -2*l**2 + 1/24*l**4 + 65*l + 0 + 1/6*l**3. Determine j(11).
12
Let z(y) = -y + 2. Let j(b) = b + 51. Let h be j(-23). Suppose 32*g - h = 30*g. Let c be (g/8)/7*(28 - 0). Determine z(c).
-5
Let k(q) = 290*q**2 + 1453*q + 12. Let p be k(-5). Let g = 7 + -3. Let r(s) = s - 4*s + g*s. Determine r(p).
-3
Let m(s) = -4*s**2 + 33*s + 216. Let b(o) = o**2 - 7*o - 53. Let y(q) = -9*b(q) - 2*m(q). Determine y(7).
-25
Let b = 29605 + -29610. Let s(j) be the first derivative of j**4/4 + 4*j**3/3 - 3*j**2 + j - 1. Calculate s(b).
6
Suppose -g + 10*m = 6*m - 2, -2 = -g + 5*m. Suppose f = 25*b - 30*b + 9, 2*b - g*f = 6. Let p(i) = -9*i**2. Determine p(b).
-36
Suppose -m = 3*m + 104. Let f be 5/(-14)*m - 14/49. Let q(s) = 2*s - 12. Give q(f).
6
Suppose 9 = 29*m - 32*m. Let v(g) = -4*g**2 - 6*g + 18. Let n(p) = p**2 + 2*p + 1. Let h(i) = m*n(i) - v(i). Give h(0).
-21
Suppose g - 3*g - 8 = 0. Let z be 13 - 0 - (-1 - g). Let r(u) be the second derivative of u**4/12 - 4*u**3/3 - 5*u**2 - 7*u + 10. What is r(z)?
10
Let b(f) = 8*f**2 + f. Let u be b(-1). Suppose 0 = 7*x - 63 + 21. Let z(i) = -14*i + 1. Let q(h) = 30*h - 1. Let g(w) = x*q(w) + 13*z(w). What is g(u)?
-7
Let r(k) be the third derivative of k**6/60 - 7*k**5/30 - k**4/8 - 5*k**3/2 + 4093*k**2 - 2. Calculate r(7).
-36
Suppose 0 = -3*u - 5*a + 4 - 1